{"id":30801,"date":"2026-03-14T18:08:01","date_gmt":"2026-03-14T17:08:01","guid":{"rendered":"https:\/\/cfcstuttgart.org\/?post_type=profiles&#038;p=30801"},"modified":"2026-03-20T08:38:33","modified_gmt":"2026-03-20T07:38:33","slug":"marcel-fayard","status":"publish","type":"profiles","link":"https:\/\/cfcstuttgart.org\/de\/profiles\/marcel-fayard\/","title":{"rendered":"Marcel Fayard"},"content":{"rendered":"<p class=\"translation-block\">Marcel Fayard ist in Stuttgart geboren und in einer Neu-Apostolischen Familie gro\u00df geworden.\nBis 2012, war er ein treues Mitglied der NAC Gemeinde. \u00dcber den Verlauf vieler Jahre f\u00fchrte ihn der Herr Gott durch seine Heilige Schrift, verschiedenster Predigten, B\u00fccher und den Kontakt mit Bibel-treuen Christen langsam aus der NAC Gemeinde.\nF\u00fcr viele Jahre war er dann Mitglied einer freien Evangelischen Gemeinde in Stuttgart. Zur gleichen Zeit besuchte er abends den Abendgottesdienst der CFC Gemeinde. Dort wurde er mit dem simplen reformierten Gottesdienst vertraut gemacht.\nDas Lesen, Singen, Beten und predigen des Wort Gottes. Alles mit den Fokus auf Gott und sein Evangelium. Diese bewegten ihn in 2017 komplett zur CFC zu wechseln und in diesem Involviert zu werden.\nIn 2025 ging er seiner Berufung nach und nahm dann schlie\u00dflich den Dienst als Diakon dieser Gemeinde auf.<\/p>","protected":false},"featured_media":30802,"template":"","profiles-category":[44],"class_list":["post-30801","profiles","type-profiles","status-publish","has-post-thumbnail","hentry","profiles-category-deacon"],"blocksy_meta":[],"_links":{"self":[{"href":"https:\/\/cfcstuttgart.org\/de\/wp-json\/wp\/v2\/profiles\/30801","targetHints":{"allow":["GET"]}}],"collection":[{"href":"https:\/\/cfcstuttgart.org\/de\/wp-json\/wp\/v2\/profiles"}],"about":[{"href":"https:\/\/cfcstuttgart.org\/de\/wp-json\/wp\/v2\/types\/profiles"}],"wp:featuredmedia":[{"embeddable":true,"href":"https:\/\/cfcstuttgart.org\/de\/wp-json\/wp\/v2\/media\/30802"}],"wp:attachment":[{"href":"https:\/\/cfcstuttgart.org\/de\/wp-json\/wp\/v2\/media?parent=30801"}],"wp:term":[{"taxonomy":"profiles-category","embeddable":true,"href":"https:\/\/cfcstuttgart.org\/de\/wp-json\/wp\/v2\/profiles-category?post=30801"}],"curies":[{"name":"wp","href":"https:\/\/api.w.org\/{rel}","templated":true}]}}

<p class="translation-block">Marcel Fayard ist in Stuttgart geboren und in einer Neu-Apostolischen Familie groß geworden.
Bis 2012, war er ein treues Mitglied der NAC Gemeinde. Über den Verlauf vieler Jahre führte ihn der Herr Gott durch seine Heilige Schrift, verschiedenster Predigten, Bücher und den Kontakt mit Bibel-treuen Christen langsam aus der NAC Gemeinde.
Für viele Jahre war er dann Mitglied einer freien Evangelischen Gemeinde in Stuttgart. Zur gleichen Zeit besuchte er abends den Abendgottesdienst der CFC Gemeinde. Dort wurde er mit dem simplen reformierten Gottesdienst vertraut gemacht.
Das Lesen, Singen, Beten und predigen des Wort Gottes. Alles mit den Fokus auf Gott und sein Evangelium. Diese bewegten ihn in 2017 komplett zur CFC zu wechseln und in diesem Involviert zu werden.
In 2025 ging er seiner Berufung nach und nahm dann schließlich den Dienst als Diakon dieser Gemeinde auf.</p>
